-29
-97 - -2 - (-1 - 1) - ((-162 - -88) + 61)
-80
22 + -19 + 6 - (-53 + 66)
-4
Evaluate 257 + 2 + (-3166 - -3035).
128
Evaluate -1 + (-5 - -8) - (-11 - (-6 - -1)) - -3.
11
Evaluate 34 + (-37 - -48 - -2) + 20.
67
Evaluate (-1 - -1) + -69 + (-172 - -258).
17
49 + 16 + (-22 - -2) - (0 + -14)
59
Calculate -50 + 9 + 49 - -45.
53
Evaluate (21 + -17 - -36) + -9.
31
What is 5 - ((1 - -3) + 12 + 0) - -26?
15
What is 3 + (3 - (-3 + 15) - (19 - 32 - 12))?
19
Evaluate 104 - (673 + -674 + 7 + 1).
97
What is 2300 + -2212 + (-120 - 2)?
-34
Evaluate 102 + -192 + 99 - (-2 + (0 - -55) + -1).
-43
What is the value of (-33 + 82 - -5) + -19?
35
What is (-33 + 53 - -18) + (-14 - -1)?
25
What is the value of -59 + -15 + -15 + 38?
-51
-99643 + 99645 + 72 + 0 + -1
73
What is the value of -52 - ((-29 + 3 - -44) + -24)?
-46
-4 + 0 + (-28 + -128 - (-23 - (9 - 9)))
-137
(6 - -10) + 214 + -215 - (0 - -25) - -136
126
Evaluate (11 - 5 - 0) + 2 - (-36 - (18 + -14)).
48
19 + (-74 - -36) - -75
56
What is 2 + -3 - 50 - (2 + -2) - (2896 + -2906)?
-41
What is -400 + 412 - (-2 - (-2 + 4 - 4) - 58)?
70
What is the value of 65 + -86 - (7 - (48 + 0))?
20
Evaluate 41 + (51 - 199) + 217.
110
What is the value of -33 + 0 + 4 - (37 - -67)?
-133
Evaluate -5 + 1 + (-4 - 9 - (1 - -19)).
-37
Calculate 7250 + -7333 + (1 + 0 - -2) + (1 - -6).
-73
What is the value of 87 + 0 + 16 + (846 - 880)?
69
Calculate 12 + (4 - 6) - (-996 + 977).
29
What is (1 - 2) + -6 + -30 - (-23 + (-8 - -22))?
-28
(-22 - -3 - -14 - -23) + -35 + (-1 - 1)
-19
What is the value of -9 + -37 + -46 + 130?
38
-238 - -345 - (81 + -18)
44
What is the value of 6 - 8 - (-1 + 29 + 35)?
-65
Calculate -22 + -3 + -12 + 21 + -18.
-34
10 + (13 - ((18 - 3) + 5))
3
What is the value of 12 + (7 - 5) - (-38 + 30)?
22
What is 67 + (-94 - (-177 - -64))?
86
Calculate 91 - (-89 + 16 - -144).
20
Calculate 11 - ((-6 + 8 - 15) + (-71 - (-38 - -27))).
84
What is -192 + -2 - (-207 - -103)?
-90
21 + 38 + -81 - -11
-11
-40 + 7 - (-96 + 35 + -6)
34
(47 - 72 - -94) + -14
55
(20 - (-2 + -28 + (28 - -8))) + 0 + -85
-71
Evaluate (72 - 31) + -198 - -72.
-85
What is -7 + (30 - 7) - (-25 - (-2 - 5))?
34
-3 - (10 + (10 + 0 - 11)) - (-30 + -1)
19
Evaluate 4 + (14 + 22 + (4 - 14) - (3 + 4)).
23
What is 3782 - 3728 - ((0 + -8 - (1 + 1)) + 1)?
63
(-30 - -11) + 158 + -112
27
Calculate 10 + 91 - (60 - 12).
53
Evaluate 68 + -2 - (7 - (8 + (-8 - 14) + 14)).
59
(4 - -60) + 3859 + -3921
2
Calculate (66 - 30) + -133 + 67.
-30
((29 + -20 - 15) + -2 - -8) + (-1 - 20)
-21
What is the value of -37 + (0 - -21) + (10 - (7 - -10))?
-23
Calculate (41 - -19) + (3 + 0 - 4) - (33 + -25).
51
Calculate (12 - (-1 - -4 - 9)) + -7 + -68.
-57
Calculate (4 - 53) + (-102 - -119).
-32
Calculate (21 - -31 - 49) + -20.
-17
-10 + -17 + -5 + -87 + (-4 - 0)
-123
What is 12 + -40 + 13 + 56 + 64?
105
(-4 - 0) + (13 - -11) - -10
30
(5 - 19) + -40 - (5 - 27)
-32
Calculate -6 - (3 - 3) - (57 + -73 - -49).
-39
What is (20 - (11 - -4)) + -82 + 11 - (-2 - -3)?
-67
(13 - 3) + -33 - (-31 - -7)
1
3 - (-9 + -1 + 1) - (76 + -29)
-35
Evaluate 16 + -1 + 1 + (-68 - -17).
-35
Calculate 100 + (-48 - 70) - -21.
3
Calculate -73 + 97 + -48 - -27.
3
Evaluate ((-71 - -22) + 24 - 60) + 20.
-65
What is the value of 2 + -9 - (-52 - ((17 - 18) + 11 + -14))?
41
What is 13 + (27 + -45 - -3) + 77?
75
(25 - -36 - 15) + -25
21
What is 23 + -53 + 42 - (0 - -60 - 0)?
-48
What is (-88 - -32) + 119 - -2?
65
Evaluate -28 + (20 - 43) + 32.
-19
Evaluate 19 + (-72 - -13) - 2.
-42
(-268 - -284 - (-1 - -3 - -1)) + -1 + -85
-73
51 - ((-5 - (12 + -5)) + 3 - (4 - 13))
51
(-2 - 0) + 293 + -339
-48
Calculate -8 + (18 - (2 + (-20 - -25) + -6)).
9
Evaluate 90 - (4 - 3) - (51 + -82 + 39).
81
(-22 - (-39 - -18)) + (5 - 79)
-75
Evaluate (11 - (-1 - -11) - 0) + 2 + (62 - 2).
63
What is the value of (0 - 46) + -42 + -174 + 179?
-83
Calculate 3883 + -3883 - (-1 + -7).
8
Evaluate 28 + -19 + 3 + (-9 + 2 - -4) + 42.
51
-1 + 0 - (-43 + -20 + 19 - (4 - 0))
47
Calculate 91 + (2 - -26 - 21) - (24 + -6).
80
34 + 34 + (-62 - -2)
8
Calculate 64 + -5 + (-34 + 4 - -17).
46
22 + -1 + -3 + -30 + -20 + 37
5
What is the value of -74 + -3 + -30 + 50?
-57
What is 113 + -1 + -19 + 2042 + -2060?
75
Calculate 4 + -5 + 0 + 99 + (-690 - -676).
84
What is -75 + 70 + (37 + 10 - 4)?
38
What is -16 - -50 - 23 - 35 - (2 - (-3 - -2))?
-27
Calculate -15 - (19 + 4 - 73) - (0 + 0).
35
Calculate 29 + -182 + 76 + 2 + 4 + -5 + 8.
-68
What is the value of 3 - ((76 - (15 + 1)) + -21 - (1 + 7))?
-28
(30 - (12 + 4)) + -14 - (47 + (-2 - 0))
-45
Calculate 2 - (13 + 1 - (216 + -206)) - (-1 - -67).
-68
Calculate (-1 - -3 - -10 - (0 - 68)) + 8.
88
What is the value of -2 + 0 + 17 + -27 + 22 + -11?
-1
Evaluate -12 - 2 - 0 - (-370 + 336 - (-34 - -1)).
-13
What is the value of -8 - ((0 - 2) + 4 + -538 + 543)?
-15
Calculate -75 + 160 + -61 - -18.
42
33 - 13 - ((34 - -3) + 14)
-31
What is -46 - (0 - (35 - -32))?
21
What is the value of -1 + 62 + 35 + (-83 - -34)?
47
Evaluate (-1 - -4) + (1147 - 1129).
21
Evaluate -70 - -65 - (0 + (3 - 0) + -8).
0
Calculate (-31 - (-27 + (-9 - 28))) + -22.
11
Calculate 43 + 59 + -50 + -104.
-52
What is the value of 0 - -106 - (-508 - -625)?
-11
Evaluate ((-11 - -5) + 3 + 0 - -15) + -66.
-54
(0 - -1) + (-10 - 1) - (-688 - (-445 + -359))
-126
What is the value of (-1 + 28 - (22 + -23 + -6)) + -13?
21
What is the value of -20 - (1 + (-1 - (-8 - -3)))?
-25
Evaluate 13 + -41 + 74 + -26.
20
-27 - (6 + -2 + -17 + 18 + -3)
-29
Evaluate -49 + 60 + (-9 - (13 - 29)).
18
What is -27 - (-34 + 36 + -35) - (-1 - 4)?
11
What is the value of (-4 - -51 - 11 - 10) + 12?
38
What is the value of (-14 - -12) + (4 - 5) + 6 - (-48 + -14)?
65
-95 + -22 + 195 - 32
46
(0 - -3) + 374 + -420
-43
What is 2 + 43 + (-36 - -14)?
23
What is (13 - 4) + 56 + -43?
22
Evaluate (44 - -20) + (2 - 18) + 10.
58
Calculate 16 - ((3 - -8) + -11 + 3 - -41).
-28
85 - (-35 + 1 - (114 + -137))
96
What is 1 + 12 - (-3217 + 3210)?
20
What is the value of 28 - (-10 + (30 - -28))?
-20
12 + -8 + 5 - (-48 - (-14 - 7))
36
Evaluate (56 - 38 - 3 - (13 + 1)) + 1 + -69.
-67
Evaluate 58 - 0 - (-22 + 19 + 23 + -9) - 3.
44
What is (-44 + 55 - (-7 + 84)) + 0 + 13?
-53
What is the value of (0 - 22 - (611 + -632)) + -23?
-24
1 + -5 - (-3 + 0 - (190 - (133 - 64)))
120
Evaluate (-5 - -7) + 35 + -77 + 84.
44
Calculate (-4 - 51) + 36 + -30 - 1.
-50
What is the value of -157 - (-25 + -110) - (1 - -22)?
-45
What is the value of 58 + -26 + -9 - 32 - (-1 + -3)?
-5
What is the value of -85 + 101 + -25 - -13?
4
Evaluate (-77 - -121 - 37) + -94.
-87
What is (20 + (-2 - 1) - 1) + 6339 + -6262?
93
(-3 - (-5 - -4) - 40) + (-15 - -22)
-35
Evaluate (-12 - (25 + 33 + -7)) + 8.
-55
What is the value of 3 + -128 + 74 + 92?
41
What is the value of 9 - (-12 - (-25 - -10)) - (70 + 3 + 0)?
-67
Calculate -185 + 169 - (5 - (7 + -14)).
-28
51 - (-115 + 283 + -205)
88
What is 0 - 18 - (150 + (-106 - 126))?
64
What is -31 + -20 + 20 + (6 - 13)?
-38
Calculate -22 + -41 + (55 - -2).
-6
29 - ((-51 - -62) + -5)
23
What is the value of 9 - ((-19 + 0 + 11 - (5 + -1)) + -65)?
86
Calculate -27 + (-68 - -51 - 0).
-44
Evaluate 10 + 18 + 6 + -16 - 3.
15
Calculate 5 + -18 + (34 - (-59 + 15)).
65
What is -6 - -1 - ((-122 - -135) + (-69 - -7))?
44
What is -2 + 0 + 6 + (-1 - -7) + (103 - 77)?
36
Evaluate -27 + 62 + -113 - -56.
-22
(-28 - -1 - -2) + -30 - 12
-67
14 + -1 + (2 - 20 - (69 - 99))
25
Evaluate (-3 - -2) + 2 + (-21 - ((7 - -9) + -33)).
-3
What is -71 + 49 - (13 - 0 - 18)?
-17
Evaluate 56 - (6 + -1 + -2 + 6 + -19 - -6).
60
Evaluate -56 + 11 + 31 + -68.
-82
What is the value of (2 - -3) + (-18 - -5 - (-1 + (16 - 17)))?
-6
53 - (-453 - -464 - (0 + -1))
41
What is the value of 39 + -77 + 43 - (80 + 1)?
-76
What is the value of -10 + (155 + -173 - (-1 + -8)) + 66?
47
What is the value of 74 - (19 + -64 + 82)?
37
What is 1 - (1 + 2 + 9) - (-117 + 119) - -57?
44
What is the value of 3391 - 3453 - (-89 - -2)?
25
What is the value of 77 - ((-21 - 10) + 35)?
73
What is -4 + -45 + 54 + -26?
-21
Evaluate -7 + 7 - (46 + -23) - -29.
6
(13 - ((9 - 7) + -14)) + -7 + -99
-81
What is the value of (167 - (-85 - -192)) + -172?
-112
What is the value of 16 - ((-47 - (5 + -29)) + -41)?
80
Calculate 1 + 4 + -1 + -11 + (75 - 66) + 8.
10
What is 32 - -4 - -1 - (2 - -5 - (-5 - -14))